{"id":2873,"date":"2025-02-28T11:15:36","date_gmt":"2025-02-28T11:15:36","guid":{"rendered":"https:\/\/production-mode.com\/aitransform\/?page_id=2873"},"modified":"2025-02-28T14:13:34","modified_gmt":"2025-02-28T14:13:34","slug":"blogs","status":"publish","type":"page","link":"https:\/\/production-mode.com\/aitransform\/blogs\/","title":{"rendered":"Blogs"},"content":{"rendered":"\t\t<div data-elementor-type=\"wp-page\" data-elementor-id=\"2873\" class=\"elementor elementor-2873\">\n\t\t\t\t<div class=\"elementor-element elementor-element-9105b0a ait-blog-banner e-flex e-con-boxed e-con e-parent\" data-id=\"9105b0a\" data-element_type=\"container\" data-e-type=\"container\" data-settings=\"{&quot;background_background&quot;:&quot;classic&quot;}\">\n\t\t\t\t\t<div class=\"e-con-inner\">\n\t\t<div class=\"elementor-element elementor-element-c31bb62 e-con-full e-flex e-con e-child\" data-id=\"c31bb62\" data-element_type=\"container\" data-e-type=\"container\" data-settings=\"{&quot;background_background&quot;:&quot;classic&quot;}\">\n\t\t\t\t<div class=\"elementor-element elementor-element-867cc19 elementor-widget elementor-widget-heading\" data-id=\"867cc19\" data-element_type=\"widget\" data-e-type=\"widget\" data-widget_type=\"heading.default\">\n\t\t\t\t<div class=\"elementor-widget-container\">\n\t\t\t\t\t<h2 class=\"elementor-heading-title elementor-size-default\">Empowering Businesses with AI: Doing More with Less Without Losing the Human Touch<\/h2>\t\t\t\t<\/div>\n\t\t\t\t<\/div>\n\t\t\t\t<\/div>\n\t\t\t\t\t<\/div>\n\t\t\t\t<\/div>\n\t\t<div class=\"elementor-element elementor-element-fd55e26 e-flex e-con-boxed e-con e-parent\" data-id=\"fd55e26\" data-element_type=\"container\" data-e-type=\"container\" data-settings=\"{&quot;background_background&quot;:&quot;classic&quot;}\">\n\t\t\t\t\t<div class=\"e-con-inner\">\n\t\t\t\t<div class=\"elementor-element elementor-element-07042b8 elementor-widget elementor-widget-contentviews_widget_grid1\" data-id=\"07042b8\" data-element_type=\"widget\" data-e-type=\"widget\" data-widget_type=\"contentviews_widget_grid1.default\">\n\t\t\t\t<div class=\"elementor-widget-container\">\n\t\t\t\t\t<div class='pt-cv-wrapper'> <h2 class='pt-cv-heading-container heading1' data-blockid='07042b8'><span class='pt-cv-heading'> All Blogs <\/span><\/h2><div class=\"pt-cv-view pt-cv-blockgrid iscvblock iscvelementor grid1 layout1\" id=\"pt-cv-view-07042b8\"><div data-id=\"pt-cv-page-1\" class=\"pt-cv-page\" data-cvc=\"3\"><div class=\" pt-cv-content-item pt-cv-1-col\" ><div class=\"pt-cv-thumb-wrapper  \"><a href=\"https:\/\/production-mode.com\/aitransform\/royal-expert-gambling-establishment-ratings-comprehend-support-service-ratings-out-of-royalacecasino-com\/\" class=\"_self pt-cv-href-thumbnail pt-cv-thumb-default\" target=\"_self\" ><img decoding=\"async\" src=\"https:\/\/production-mode.com\/aitransform\/wp-content\/plugins\/content-views-query-and-display-post-page\/public\/assets\/images\/default_image.png\" class=\"pt-cv-thumbnail cv-default-img\" alt=\"Royal Expert Gambling establishment Ratings Comprehend Support service Ratings out of royalacecasino com\" title=\"\" \/><\/a><\/div>\n<div class=\"pt-cv-taxoterm above_title\"><a href='https:\/\/production-mode.com\/aitransform\/category\/blog\/' title='Blog' class='pt-cv-tax-blog'>Blog<\/a><\/div>\n<h5 class=\"pt-cv-title\"><a href=\"https:\/\/production-mode.com\/aitransform\/royal-expert-gambling-establishment-ratings-comprehend-support-service-ratings-out-of-royalacecasino-com\/\" class=\"_self\" target=\"_self\" >Royal Expert Gambling establishment Ratings Comprehend Support service Ratings out of royalacecasino com<\/a><\/h5>\n<div class=\"pt-cv-content\">The new headings your website offered had been classic black-jack, Perfect Sets, and you may Match\u2019 Em Upwards. Even if ...<\/div>\n<div class=\"pt-cv-rmwrap\"><a href=\"https:\/\/production-mode.com\/aitransform\/royal-expert-gambling-establishment-ratings-comprehend-support-service-ratings-out-of-royalacecasino-com\/\" class=\"_self pt-cv-readmore btn btn-success\" target=\"_self\" >Read More<\/a><\/div><\/div>\n<div class=\" pt-cv-content-item pt-cv-1-col\" ><div class=\"pt-cv-thumb-wrapper  \"><a href=\"https:\/\/production-mode.com\/aitransform\/zatra-si-w-wiecie-emocji-i-wygrywaj-vavada-casino\/\" class=\"_self pt-cv-href-thumbnail pt-cv-thumb-default\" target=\"_self\" ><img decoding=\"async\" src=\"https:\/\/production-mode.com\/aitransform\/wp-content\/plugins\/content-views-query-and-display-post-page\/public\/assets\/images\/default_image.png\" class=\"pt-cv-thumbnail cv-default-img\" alt=\"Zatra\u0107 si\u0119 w \u015bwiecie emocji i wygrywaj \u2013 Vavada casino to Twoja brama do niezapomnianych wra\u017ce\u0144 z gi\" title=\"\" \/><\/a><\/div>\n<div class=\"pt-cv-taxoterm above_title\"><a href='https:\/\/production-mode.com\/aitransform\/category\/post\/' title='Post' class='pt-cv-tax-post'>Post<\/a><\/div>\n<h5 class=\"pt-cv-title\"><a href=\"https:\/\/production-mode.com\/aitransform\/zatra-si-w-wiecie-emocji-i-wygrywaj-vavada-casino\/\" class=\"_self\" target=\"_self\" >Zatra\u0107 si\u0119 w \u015bwiecie emocji i wygrywaj \u2013 Vavada casino to Twoja brama do niezapomnianych wra\u017ce\u0144 z gi<\/a><\/h5>\n<div class=\"pt-cv-content\">Zatra\u0107 si\u0119 w \u015bwiecie emocji i wygrywaj \u2013 Vavada casino to Twoja brama do niezapomnianych wra\u017ce\u0144 z gier hazardowych online.Zalety ...<\/div>\n<div class=\"pt-cv-rmwrap\"><a href=\"https:\/\/production-mode.com\/aitransform\/zatra-si-w-wiecie-emocji-i-wygrywaj-vavada-casino\/\" class=\"_self pt-cv-readmore btn btn-success\" target=\"_self\" >Read More<\/a><\/div><\/div>\n<div class=\" pt-cv-content-item pt-cv-1-col\" ><div class=\"pt-cv-thumb-wrapper  \"><a href=\"https:\/\/production-mode.com\/aitransform\/evaluate-casino-odds-across-different-platforms-for-better-betting-choices\/\" class=\"_self pt-cv-href-thumbnail pt-cv-thumb-default\" target=\"_self\" ><img decoding=\"async\" src=\"https:\/\/production-mode.com\/aitransform\/wp-content\/plugins\/content-views-query-and-display-post-page\/public\/assets\/images\/default_image.png\" class=\"pt-cv-thumbnail cv-default-img\" alt=\"Evaluate Casino Odds Across Different Platforms for Better Betting Choices\" title=\"\" \/><\/a><\/div>\n<div class=\"pt-cv-taxoterm above_title\"><a href='https:\/\/production-mode.com\/aitransform\/category\/blog\/' title='Blog' class='pt-cv-tax-blog'>Blog<\/a><\/div>\n<h5 class=\"pt-cv-title\"><a href=\"https:\/\/production-mode.com\/aitransform\/evaluate-casino-odds-across-different-platforms-for-better-betting-choices\/\" class=\"_self\" target=\"_self\" >Evaluate Casino Odds Across Different Platforms for Better Betting Choices<\/a><\/h5>\n<div class=\"pt-cv-content\">Understanding how to evaluate and compare casino odds across various platforms is essential for making informed betting decisions. While many ...<\/div>\n<div class=\"pt-cv-rmwrap\"><a href=\"https:\/\/production-mode.com\/aitransform\/evaluate-casino-odds-across-different-platforms-for-better-betting-choices\/\" class=\"_self pt-cv-readmore btn btn-success\" target=\"_self\" >Read More<\/a><\/div><\/div>\n<div class=\" pt-cv-content-item pt-cv-1-col\" ><div class=\"pt-cv-thumb-wrapper  \"><a href=\"https:\/\/production-mode.com\/aitransform\/evolution-des-gratte-ciel-la-progression-du-batiment-comme-indicateur-cle-dans-l-urbanisme-modern\/\" class=\"_self pt-cv-href-thumbnail pt-cv-thumb-default\" target=\"_self\" ><img decoding=\"async\" src=\"https:\/\/production-mode.com\/aitransform\/wp-content\/plugins\/content-views-query-and-display-post-page\/public\/assets\/images\/default_image.png\" class=\"pt-cv-thumbnail cv-default-img\" alt=\"\u00c9volution des Gratte-Ciel : La Progression du B\u00e2timent Comme Indicateur Cl\u00e9 dans l\u2019Urbanisme Modern\" title=\"\" \/><\/a><\/div>\n<div class=\"pt-cv-taxoterm above_title\"><a href='https:\/\/production-mode.com\/aitransform\/category\/blog\/' title='Blog' class='pt-cv-tax-blog'>Blog<\/a><\/div>\n<h5 class=\"pt-cv-title\"><a href=\"https:\/\/production-mode.com\/aitransform\/evolution-des-gratte-ciel-la-progression-du-batiment-comme-indicateur-cle-dans-l-urbanisme-modern\/\" class=\"_self\" target=\"_self\" >\u00c9volution des Gratte-Ciel : La Progression du B\u00e2timent Comme Indicateur Cl\u00e9 dans l\u2019Urbanisme Modern<\/a><\/h5>\n<div class=\"pt-cv-content\">Dans un contexte mondial o\u00f9 les centres urbains cherchent \u00e0 concilier croissance d\u00e9mographique, innovation architecturale et durabilit\u00e9, le d\u00e9veloppement de ...<\/div>\n<div class=\"pt-cv-rmwrap\"><a href=\"https:\/\/production-mode.com\/aitransform\/evolution-des-gratte-ciel-la-progression-du-batiment-comme-indicateur-cle-dans-l-urbanisme-modern\/\" class=\"_self pt-cv-readmore btn btn-success\" target=\"_self\" >Read More<\/a><\/div><\/div>\n<div class=\" pt-cv-content-item pt-cv-1-col\" ><div class=\"pt-cv-thumb-wrapper  \"><a href=\"https:\/\/production-mode.com\/aitransform\/dare-to-test-fate-successfully-guide-your-chicken\/\" class=\"_self pt-cv-href-thumbnail pt-cv-thumb-default\" target=\"_self\" ><img decoding=\"async\" src=\"https:\/\/production-mode.com\/aitransform\/wp-content\/plugins\/content-views-query-and-display-post-page\/public\/assets\/images\/default_image.png\" class=\"pt-cv-thumbnail cv-default-img\" alt=\"Dare to Test Fate Successfully Guide Your Chicken down chicken road for Multiplying Rewards \u2013 But Kn\" title=\"\" \/><\/a><\/div>\n<div class=\"pt-cv-taxoterm above_title\"><a href='https:\/\/production-mode.com\/aitransform\/category\/post\/' title='Post' class='pt-cv-tax-post'>Post<\/a><\/div>\n<h5 class=\"pt-cv-title\"><a href=\"https:\/\/production-mode.com\/aitransform\/dare-to-test-fate-successfully-guide-your-chicken\/\" class=\"_self\" target=\"_self\" >Dare to Test Fate Successfully Guide Your Chicken down chicken road for Multiplying Rewards \u2013 But Kn<\/a><\/h5>\n<div class=\"pt-cv-content\">Dare to Test Fate: Successfully Guide Your Chicken down chicken road for Multiplying Rewards \u2013 But Know When to Stop!Understanding ...<\/div>\n<div class=\"pt-cv-rmwrap\"><a href=\"https:\/\/production-mode.com\/aitransform\/dare-to-test-fate-successfully-guide-your-chicken\/\" class=\"_self pt-cv-readmore btn btn-success\" target=\"_self\" >Read More<\/a><\/div><\/div>\n<div class=\" pt-cv-content-item pt-cv-1-col\" ><div class=\"pt-cv-thumb-wrapper  \"><a href=\"https:\/\/production-mode.com\/aitransform\/las-tecnicas-clave-para-que-los-apostadores-profesionales-mantengan-su-ventaja-competitiva\/\" class=\"_self pt-cv-href-thumbnail pt-cv-thumb-default\" target=\"_self\" ><img decoding=\"async\" src=\"https:\/\/production-mode.com\/aitransform\/wp-content\/plugins\/content-views-query-and-display-post-page\/public\/assets\/images\/default_image.png\" class=\"pt-cv-thumbnail cv-default-img\" alt=\"Las t\u00e9cnicas clave para que los apostadores profesionales mantengan su ventaja competitiva\" title=\"\" \/><\/a><\/div>\n<div class=\"pt-cv-taxoterm above_title\"><a href='https:\/\/production-mode.com\/aitransform\/category\/blog\/' title='Blog' class='pt-cv-tax-blog'>Blog<\/a><\/div>\n<h5 class=\"pt-cv-title\"><a href=\"https:\/\/production-mode.com\/aitransform\/las-tecnicas-clave-para-que-los-apostadores-profesionales-mantengan-su-ventaja-competitiva\/\" class=\"_self\" target=\"_self\" >Las t\u00e9cnicas clave para que los apostadores profesionales mantengan su ventaja competitiva<\/a><\/h5>\n<div class=\"pt-cv-content\">En el mundo de las apuestas deportivas, la diferencia entre un apostador ocasional y un profesional radica en la aplicaci\u00f3n ...<\/div>\n<div class=\"pt-cv-rmwrap\"><a href=\"https:\/\/production-mode.com\/aitransform\/las-tecnicas-clave-para-que-los-apostadores-profesionales-mantengan-su-ventaja-competitiva\/\" class=\"_self pt-cv-readmore btn btn-success\" target=\"_self\" >Read More<\/a><\/div><\/div><\/div><\/div> <\/div> \t\t\t\t<\/div>\n\t\t\t\t<\/div>\n\t\t\t\t\t<\/div>\n\t\t\t\t<\/div>\n\t\t\t\t<\/div>\n\t\t","protected":false},"excerpt":{"rendered":"<p>Empowering Businesses with AI: Doing More with Less Without Losing the Human Touch All Blogs AI Adoption &amp; StrategyBlog Empowering [&hellip;]<\/p>\n","protected":false},"author":1,"featured_media":0,"parent":0,"menu_order":0,"comment_status":"closed","ping_status":"closed","template":"","meta":{"site-sidebar-layout":"no-sidebar","site-content-layout":"","ast-site-content-layout":"full-width-container","site-content-style":"default","site-sidebar-style":"default","ast-global-header-display":"","ast-banner-title-visibility":"","ast-main-header-display":"","ast-hfb-above-header-display":"","ast-hfb-below-header-display":"","ast-hfb-mobile-header-display":"","site-post-title":"disabled","ast-breadcrumbs-content":"","ast-featured-img":"disabled","footer-sml-layout":"","ast-disable-related-posts":"","theme-transparent-header-meta":"","adv-header-id-meta":"","stick-header-meta":"","header-above-stick-meta":"","header-main-stick-meta":"","header-below-stick-meta":"","astra-migrate-meta-layouts":"default","ast-page-background-enabled":"default","ast-page-background-meta":{"desktop":{"background-color":"var(--ast-global-color-5)","background-image":"","background-repeat":"repeat","background-position":"center center","background-size":"auto","background-attachment":"scroll","background-type":"","background-media":"","overlay-type":"","overlay-color":"","overlay-opacity":"","overlay-gradient":""},"tablet":{"background-color":"","background-image":"","background-repeat":"repeat","background-position":"center center","background-size":"auto","background-attachment":"scroll","background-type":"","background-media":"","overlay-type":"","overlay-color":"","overlay-opacity":"","overlay-gradient":""},"mobile":{"background-color":"","background-image":"","background-repeat":"repeat","background-position":"center center","background-size":"auto","background-attachment":"scroll","background-type":"","background-media":"","overlay-type":"","overlay-color":"","overlay-opacity":"","overlay-gradient":""}},"ast-content-background-meta":{"desktop":{"background-color":"var(--ast-global-color-4)","background-image":"","background-repeat":"repeat","background-position":"center center","background-size":"auto","background-attachment":"scroll","background-type":"","background-media":"","overlay-type":"","overlay-color":"","overlay-opacity":"","overlay-gradient":""},"tablet":{"background-color":"var(--ast-global-color-4)","background-image":"","background-repeat":"repeat","background-position":"center center","background-size":"auto","background-attachment":"scroll","background-type":"","background-media":"","overlay-type":"","overlay-color":"","overlay-opacity":"","overlay-gradient":""},"mobile":{"background-color":"var(--ast-global-color-4)","background-image":"","background-repeat":"repeat","background-position":"center center","background-size":"auto","background-attachment":"scroll","background-type":"","background-media":"","overlay-type":"","overlay-color":"","overlay-opacity":"","overlay-gradient":""}},"footnotes":""},"class_list":["post-2873","page","type-page","status-publish","hentry"],"_links":{"self":[{"href":"https:\/\/production-mode.com\/aitransform\/wp-json\/wp\/v2\/pages\/2873","targetHints":{"allow":["GET"]}}],"collection":[{"href":"https:\/\/production-mode.com\/aitransform\/wp-json\/wp\/v2\/pages"}],"about":[{"href":"https:\/\/production-mode.com\/aitransform\/wp-json\/wp\/v2\/types\/page"}],"author":[{"embeddable":true,"href":"https:\/\/production-mode.com\/aitransform\/wp-json\/wp\/v2\/users\/1"}],"replies":[{"embeddable":true,"href":"https:\/\/production-mode.com\/aitransform\/wp-json\/wp\/v2\/comments?post=2873"}],"version-history":[{"count":22,"href":"https:\/\/production-mode.com\/aitransform\/wp-json\/wp\/v2\/pages\/2873\/revisions"}],"predecessor-version":[{"id":3038,"href":"https:\/\/production-mode.com\/aitransform\/wp-json\/wp\/v2\/pages\/2873\/revisions\/3038"}],"wp:attachment":[{"href":"https:\/\/production-mode.com\/aitransform\/wp-json\/wp\/v2\/media?parent=2873"}],"curies":[{"name":"wp","href":"https:\/\/api.w.org\/{rel}","templated":true}]}}